e 12) to base 8
45666250
What is -4213851 (base 9) in base 5?
-1034101204
What is -25235766 (base 8) in base 5?
-2412222120
-10b37b (base 13) to base 8
-1405445
33185 (base 11) to base 4
23300002
-1063621 (base 8) to base 12
-11b069
2262665 (base 7) to base 13
9c569
What is -8a9538 (base 11) in base 10?
-1447443
What is 362414 (base 10) in base 13?
c8c60
Convert -11edf (base 16) to base 13.
-27572
-6a3b7 (base 12) to base 4
-202232323
Convert 377048 (base 11) to base 2.
10010001010001000001
2020112012201 (base 3) to base 8
4426654
What is 5a7058 (base 13) in base 7?
24224111
Convert 159b993 (base 12) to base 15.
5c9ac3
Convert -849c5 (base 14) to base 12.
-1353a9
Convert -131323203 (base 5) to base 2.
-10011111000110011110
What is 110212122122 (base 3) in base 10?
253439
Convert 10010002220 (base 4) to base 8.
4040250
What is -13113231332 (base 4) in base 2?
-111010111101101111110
1720546 (base 10) to base 13
483199
2026460 (base 7) to base 2
111011001011011100
What is -d3a3c (base 14) in base 9?
-856102
What is 631216 (base 10) in base 14?
12606c
What is 16c86 (base 14) in base 3?
2220200002
What is 101121000201112 (base 3) in base 5?
2420123430
Convert 12777131 (base 9) to base 10.
6310333
-7c52d (base 15) to base 3
-202010021021
-4168c (base 13) to base 11
-80373
What is 5287657 (base 9) in base 5?
1211132212
-110020001 (base 4) to base 6
-1433345
Convert 1681008 (base 10) to base 5.
412243013
Convert -2212105 (base 6) to base 16.
-1b029
-4943 (base 15) to base 6
-200100
15356574 (base 9) to base 15
a13217
Convert a02588 (base 13) to base 3.
20222220112010
Convert 8872482 (base 9) to base 14.
8c2d5d
Convert -11210110001 (base 3) to base 16.
-1709e
1111011001110011100101 (base 2) to base 15
54b60b
What is 116233435 (base 7) in base 6?
421124214
-62ab3 (base 14) to base 6
-5034153
Convert -2424100 (base 6) to base 10.
-127908
Convert 104424330 (base 5) to base 10.
467465
Convert 6215336 (base 9) to base 2.
1100101001110111101010
27640540 (base 8) to base 4
113310011200
What is 10212112002221 (base 3) in base 12?
8326b1
-210111120220212 (base 3) to base 8
-53457642
242a73 (base 14) to base 15
196726
What is 2586127 (base 9) in base 5?
330240340
What is 120001110 (base 3) in base 11?
8277
-243141 (base 8) to base 4
-110121201
Convert 24653d (base 16) to base 7.
26162655
-507616 (base 15) to base 11
-2180479
-30351450 (base 6) to base 15
-122ba6
Convert -198283 (base 11) to base 3.
-120102201220
What is -3716068 (base 10) in base 14?
-6ca376
Convert -450433115 (base 6) to base 3.
-120100020221202
10004433 (base 5) to base 7
445400
What is -20202201000 (base 3) in base 2?
-100000100001000111
Convert -1734685 (base 11) to base 16.
-2cff78
What is 110133020113 (base 4) in base 7?
63435055
931d (base 16) to base 11
26328
What is -1100001111000110010111 (base 2) in base 8?
-14170627
Convert -1011101010011101110 (base 2) to base 8.
-1352356
Convert -4c7d32 (base 15) to base 4.
-32000120231
Convert 245113 (base 7) to base 11.
30892
Convert 110123020313 (base 4) to base 6.
310431115
Convert -71121 (base 12) to base 15.
-2d884
Convert 10221222211 (base 3) to base 10.
77998
-232110203 (base 5) to base 7
-11634126
Convert -2414727 (base 8) to base 12.
-27b107
-10202111111 (base 4) to base 8
-4422525
-2101110012112 (base 3) to base 15
-1a0d3e
-15181357 (base 9) to base 13
-1745998
Convert 13c0c05 (base 13) to base 2.
10111111110100010001101
What is 1860d (base 15) in base 13?
29c50
-110001111000010100 (base 2) to base 4
-301320110
17b8b3 (base 12) to base 11
263288
What is 122100112201211 (base 3) in base 2?
100011001011100011110001
What is -cd1c0 (base 14) in base 3?
-221020210110
What is 4a173 (base 14) in base 4?
230102121
Convert 101111100011110101 (base 2) to base 10.
194805
What is 1511002 (base 6) in base 8?
252012
Convert 12133231022 (base 4) to base 10.
1702730
Convert -244022311 (base 5) to base 3.
-2011211020122
Convert 72c1c (base 15) to base 13.
c97c8
What is -3cb830 (base 16) in base 12?
-13baa14
Convert -9b0bfe (base 16) to base 5.
-10100124100
Convert -110011111011011110110 (base 2) to base 10.
-1701622
-1423847 (base 9) to base 11
-495838
What is -1105155 (base 8) in base 12?
-124265
-40648 (base 10) to base 5
-2300043
What is 3ba85 (base 14) in base 5?
14210014
Convert a8897 (base 16) to base 9.
1261850
Convert -2001412 (base 6) to base 2.
-10110110111110000
2133266 (base 8) to base 7
4565622
Convert 26848 (base 16) to base 2.
100110100001001000
Convert -10111011010110010000111 (base 2) to base 10.
-6139015
-210102011102201 (base 3) to base 4
-223122110212
What is -2da504 (base 15) in base 5?
-1031234004
Convert -28b971 (base 14) to base 5.
-330240043
6ab78 (base 13) to base 8
575336
What is 13214432 (base 6) in base 10?
437780
Convert -300 (base 13) to base 8.
-773
3025133 (base 7) to base 3
200021012012
Convert -3421287 (base 9) to base 3.
-10110201022221
Convert 142306 (base 11) to base 13.
7a458
Convert -6537375 (base 9) to base 13.
-95b232
What is 343b178 (base 12) in base 11?
5734274
Convert 110111000001101101000 (base 2) to base 11.
1021783
45603515 (base 7) to base 12
1401a55
What is 4320314 (base 7) in base 12?
214475
100211032 (base 4) to base 11
47034
Convert 2798b4 (base 12) to base 5.
132102111
What is 121432222 (base 6) in base 12?
93b672
Convert 8cd77 (base 15) to base 12.
1976a1
130033 (base 9) to base 16
133aa
Convert -33132033 (base 5) to base 12.
-119986
What is -18abac (base 15) in base 6?
-41423030
Convert -26736 (base 10) to base 12.
-13580
Convert 104926 (base 10) to base 3.
12022221011
-1001100100000001100111 (base 2) to base 15
-347b8a
-10853206 (base 9) to base 12
-1931789
What is 112203230 (base 5) in base 6?
14505442
Convert 1742 (base 10) to base 15.
7b2
What is 2147035 (base 8) in base 15?
b5ea3
Convert -11101211011110 (base 3) to base 16.
-23afc0
Convert 100011011000101100100 (base 2) to base 8.
4330544
31347 (base 12) to base 2
1111101110100111
What is 5568114 (base 9) in base 5?
1231411432
Convert 187ed6 (base 16) to base 7.
16434163
Convert 470360 (base 8) to base 16.
270f0
What is -157c2 (base 15) in base 2?
-10000111010001001
What is -22123132312 (base 4) in base 12?
-aba21a
What is -4b7944 (base 16) in base 10?
-4946244
Convert -1111105313 (base 6) to base 7.
-204534126
Convert 6aba7 (base 12) to base 7.
1135045
Convert 449a45 (base 11) to base 9.
1311152
387047 (base 10) to base 9
648832
3331351 (base 7) to base 9
685824
Convert -a8a139 (base 12) to base 3.
-12000201212000
What is -562526 (base 7) in base 10?
-99392
Convert -10100010010101100011000 (base 2) to base 9.
-11006817
Convert 10001033 (base 5) to base 4.
103012330
What is -171960 (base 10) in base 2?
-101001111110111000
Convert 55302521 (base 6) to base 13.
46022b
Convert -24363464 (base 8) to base 12.
-196a304
78784 (base 10) to base 14
209d6
What is 24306210 (base 8) in base 6?
310314320
-40415404 (base 6) to base 15
-17bb17
1101010101111 (base 2) to base 14
26bd
Convert 230674 (base 9) to base 11.
94a29
-322386 (base 9) to base 3
-100202102220
Convert 6a147 (base 12) to base 10.
141895
Convert 2007555 (base 10) to base 5.
1003220210
Convert 4054131 (base 7) to base 2.
1110110001011001100
Convert -93678 (base 13) to base 3.
-111110011200
Convert -954012 (base 10) to base 3.
-1210110122210
-5889a4 (base 11) to base 15
-136c24
What is -10000011010111010011 (base 2) in base 8?
-2032723
Convert -20510622 (base 8) to base 5.
-2104101032
What is 2120211333 (base 5) in base 7?
52624360
What is -10001010101010010001111 (base 2) in base 13?
-c31151
-2403506 (base 7) to base 5
-34210211
What is -a2590 (base 12) in base 15?
-42a99
What is 15a7b6 (base 15) in base 3?
1222020120200
Convert 1320520 (base 6) to base 2.
10001110001000000
Convert 1452d (base 16) to base 2.
10100010100101101
Convert -2938995 (base 12) to base 10.
-8288897
Convert 75421 (base 8) to base 16.
7b11
What is 12243021 (base 6) in base 5?
100112040
Convert 524d (base 16) to base 12.
10239
-26172713 (base 8) to base 7
-100361231
Convert -1b2a4 (base 12) to base 9.
-61067
-101001010011110000100010 (base 2) to base 11
-6126955
Convert -7286a (base 14) to base 6.
-5530022
What is 120282 (base 13) in base 6?
13105243
What is 1642c5 (base 13) in base 2?
10000110110000001010
What is -